{"id":9946,"date":"2018-06-04T18:47:22","date_gmt":"2018-06-04T16:47:22","guid":{"rendered":"https:\/\/www.letswedding.pl\/?page_id=9946"},"modified":"2023-11-01T20:23:37","modified_gmt":"2023-11-01T19:23:37","slug":"polityka-prywatnosci","status":"publish","type":"page","link":"https:\/\/komisslubny.pl\/blog\/polityka-prywatnosci\/","title":{"rendered":"Polityka prywatno\u015bci"},"content":{"rendered":"<h3 style=\"text-align: center;\">POLITYKA PRYWATNO\u015aCI<\/h3>\n<p style=\"text-align: center;\"><strong>serwisu komisslubny.pl dost\u0119pnego pod adresem <a href=\"https:\/\/www.letswedding.pl\">www.<\/a>komisslubny<a href=\"https:\/\/www.letswedding.pl\">.pl<\/a><\/strong><\/p>\n<p>1. Niniejszy dokument (dalej zwany Polityk\u0105 Prywatno\u015bci) okre\u015bla zasady przechowywania, gromadzenia, przetwarzania i ochrony danych osobowych u\u017cytkownik\u00f3w serwisu komisslubny.pl dost\u0119pnego pod adresem www.komisslubny.pl (dalej zwanego Serwisem).<br \/>\n2. Dane osobowe u\u017cytkownik\u00f3w Serwisu chronione s\u0105 w zakresie i w spos\u00f3b okre\u015blony w rozporz\u0105dzeniu Parlamentu Europejskiego i Rady (UE) 2016\/679 z 27 kwietnia 2016 r. w sprawie ochrony os\u00f3b fizycznych w zwi\u0105zku z przetwarzaniem danych osobowych i w sprawie swobodnego przep\u0142ywu takich danych oraz uchylenia dyrektywy 95\/46\/WE (og\u00f3lne rozporz\u0105dzenie o ochronie danych) (Dz. Urz. UE L 119, s.1), zwanym w dalszej cz\u0119\u015bci Polityki Prywatno\u015bci RODO.<br \/>\n3. Administrator z nale\u017cyt\u0105 staranno\u015bci\u0105 dobiera i stosuje odpowiednie \u015brodki techniczne i organizacyjne zapewniaj\u0105ce ochron\u0119 przetwarzanych danych. Twoje dane chronimy przed ich udost\u0119pnieniem osobom nieupowa\u017cnionym, jak r\u00f3wnie\u017c przed ich przetwarzaniem z naruszeniem obowi\u0105zuj\u0105cych przepis\u00f3w prawa.<br \/>\n4. Realizuj\u0105c obowi\u0105zek informacyjny okre\u015blony w art. 13 RODO informujemy Ci\u0119 o zasadach przetwarzania danych osobowych u\u017cytkownik\u00f3w Serwisu:<\/p>\n<p><strong>Administrator danych osobowych<\/strong><br \/>\nAdministratorem Twoich danych osobowych jest<br \/>\n<img decoding=\"async\" class=\"aligncenter size-full wp-image-10780\" src=\"https:\/\/www.letswedding.pl\/wp-content\/uploads\/2021\/11\/info.png\" alt=\"\" width=\"564\" height=\"55\" srcset=\"https:\/\/komisslubny.pl\/blog\/wp-content\/uploads\/2021\/11\/info.png 564w, https:\/\/komisslubny.pl\/blog\/wp-content\/uploads\/2021\/11\/info-300x29.png 300w\" sizes=\"(max-width: 564px) 100vw, 564px\" \/><br \/>\n(dalej: administrator). Z administratorem mo\u017cesz si\u0119 skontaktowa\u0107 listownie na adres: ul. Stanis\u0142awa Be\u0142\u017ceckiego 4, 26-600 Radom, przez e-mail:kontakt (ma\u0142pa) wxq . pl<\/p>\n<p><strong>\u00a0Inspektor ochrony danych<\/strong><br \/>\nWyznaczyli\u015bmy inspektora ochrony danych. Jest to osoba, z kt\u00f3r\u0105 mo\u017cesz si\u0119 kontaktowa\u0107 we wszystkich sprawach dotycz\u0105cych przetwarzania danych osobowych oraz korzystania z praw zwi\u0105zanych z przetwarzaniem danych. Z inspektorem mo\u017cesz si\u0119 kontaktowa\u0107 listownie na adres: ul. Stanis\u0142awa Be\u0142\u017ceckiego 4, 26-600 Radom, b\u0105d\u017a przez e-mail: kontakt (ma\u0142pa) wxq . pl<\/p>\n<p><strong>Cele przetwarzania oraz podstawa prawna przetwarzania<\/strong><br \/>\nB\u0119dziemy przetwarza\u0107 Twoje dane osobowe, w celu:<br \/>\n\u2022 wykonania zawartej umowy na \u015bwiadczenie drog\u0105 elektroniczn\u0105 us\u0142ug \u015bwiadczonych za po\u015brednictwem Serwisu oraz prowadzenia Twojego konta u\u017cytkownika, je\u015bli zdecydujesz si\u0119 na jego za\u0142o\u017cenie;<br \/>\n\u2022 mo\u017cesz r\u00f3wnie\u017c wyrazi\u0107 zgod\u0119 na przetwarzanie Twoich danych osobowych w celu przekazywania drog\u0105 elektroniczn\u0105 ofert marketingowych oraz informacji handlowych dotycz\u0105cych dzia\u0142alno\u015bci Serwisu w postaci newslettera, kt\u00f3ry b\u0119dzie wysy\u0142any na wskazany przez Ciebie adres e-mail;<br \/>\nPodstaw\u0105 prawn\u0105 przetwarzania Twoich danych osobowych jest:<br \/>\n\u2022 niezb\u0119dno\u015b\u0107 Twoich danych do wykonania zawartej z nami umowy na \u015bwiadczenie us\u0142ug drog\u0105 elektroniczn\u0105 i prowadzenia konta u\u017cytkownika (art. 6 ust. 1 lit b RODO),<br \/>\n\u2022 Twoja zgoda na przetwarzanie danych w zakresie otrzymywania newslettera, zawieraj\u0105cego informacje handlowe oraz marketingowe (art. 6 ust. 1 lit a RODO),<br \/>\n\u2022 ci\u0105\u017c\u0105ce na nas obowi\u0105zki prawne, zwi\u0105zane np. z rachunkowo\u015bci\u0105 i konieczno\u015bci\u0105 rozliczenia zawartych um\u00f3w (art. 6 ust. 1 lit c RODO)<br \/>\n\u2022 Podstaw\u0119 przetwarzania mo\u017ce stanowi\u0107 r\u00f3wnie\u017c nasz prawnie uzasadniony interes (art. 6 ust. 1 pkt f RODO). Mamy prawnie uzasadniony interes w tym, aby np. zapobiega\u0107 oszustwom, dochodzi\u0107 i broni\u0107 si\u0119 przed roszczeniami oraz zapewni\u0107 bezpiecze\u0144stwo serwisu i informacji.<br \/>\nNa tej podstawie nie mo\u017cemy przetwarza\u0107 danych je\u015bli Twoje prawa i wolno\u015bci b\u0119d\u0105 mia\u0142y nadrz\u0119dny charakter nad naszym prawnie uzasadnionym interesem.<\/p>\n<p><strong>Kategorie Twoich danych kt\u00f3re przetwarzamy<\/strong><br \/>\nB\u0119dziemy przetwarza\u0107 Twoje nast\u0119puj\u0105ce dane:<br \/>\n&#8211; imi\u0119 i nazwisko, nazwa firmy,<br \/>\n&#8211; adres miejsca zamieszkania\/siedziby,<br \/>\n&#8211; dane kontaktowe (np. adresy poczty e-mail, nr telefon\u00f3w),<br \/>\n&#8211; numer identyfikacji podatkowej (NIP).<\/p>\n<p><strong>Okres przechowywania danych osobowych<\/strong><br \/>\nB\u0119dziemy przechowywa\u0107 Twoje dane osobowe do momentu przedawnienia potencjalnych roszcze\u0144 wynikaj\u0105cych z zawartej umowy na \u015bwiadczenie us\u0142ug.<br \/>\nTwoje dane osobowe kt\u00f3re b\u0119dziemy przetwarzali w oparciu o przes\u0142ank\u0119 zgody na przekazywanie drog\u0105 elektroniczn\u0105 informacji handlowych oraz ofert marketingowych dotycz\u0105cych dzia\u0142alno\u015bci naszego Serwisu b\u0119dziemy przechowywa\u0107 do czasu, a\u017c zg\u0142osisz sprzeciw wzgl\u0119dem ich przetwarzania w tym celu lub cofniesz zgod\u0119.<\/p>\n<p><strong>Odbiorcy danych<\/strong><br \/>\nB\u0119dziemy przekazywa\u0107 Twoje dane osobowe:<br \/>\n\u2022 firmie ksi\u0119gowej w celach ksi\u0119gowych oraz rozliczenia zawartych um\u00f3w,<br \/>\n\u2022 kancelarii prawnej je\u015bli b\u0119dzie to niezb\u0119dne w celu obrony naszych roszcze\u0144,<br \/>\n\u2022 firmom \u015bwiadcz\u0105cym na nasz\u0105 rzecz us\u0142ugi hostingu,<br \/>\nTakie podmioty przetwarzaj\u0105 dane na podstawie zawartej z nami umowy i tylko zgodnie z naszymi poleceniami.<\/p>\n<p><strong>Przekazywanie danych do pa\u0144stw trzecich lub organizacji mi\u0119dzynarodowych<\/strong><br \/>\nTwoje dane osobowe nie b\u0119d\u0105 przekazywane do pa\u0144stw trzecich lub organizacji mi\u0119dzynarodowych<\/p>\n<p><strong>Twoje prawa zwi\u0105zane z przetwarzaniem danych osobowych<\/strong><br \/>\nPrzys\u0142uguj\u0105 Ci nast\u0119puj\u0105ce prawa zwi\u0105zane z przetwarzaniem danych osobowych:<br \/>\na. prawo wycofania zgody na przetwarzanie danych. W zakresie, w jakim Twoje dane s\u0105 lub b\u0119d\u0105 przetwarzane na podstawie zgody \u2013 masz prawo wycofania zgody na przetwarzanie danych w dowolnym momencie. Wycofanie zgody nie ma wp\u0142ywu na zgodno\u015b\u0107 z prawem przetwarzania, kt\u00f3rego dokonali\u015bmy na podstawie Twojej zgody przed jej wycofaniem. Zgod\u0119 mo\u017cesz wycofa\u0107 poprzez wys\u0142anie o\u015bwiadczenia o wycofaniu zgody na nasz adres korespondencyjny lub na nasz adres e-mailowy wskazany w pkt 1.<br \/>\nb. prawo dost\u0119pu do Twoich danych osobowych oraz otrzymania ich kopii,<br \/>\nc. prawo \u017c\u0105dania sprostowania (poprawiania) Twoich danych osobowych,<br \/>\nd. prawo \u017c\u0105dania usuni\u0119cia Twoich danych osobowych,<br \/>\ne. prawo \u017c\u0105dania ograniczenia przetwarzania Twoich danych osobowych.<br \/>\nf. prawo wniesienia sprzeciwu wobec przetwarzania Twoich danych ze wzgl\u0119du na Twoj\u0105 szczeg\u00f3ln\u0105 sytuacj\u0119 \u2013 w przypadkach, kiedy przetwarzamy Twoje dane na podstawie naszego prawnie uzasadnionego interesu. Mo\u017cesz r\u00f3wnie\u017c wyrazi\u0107 sprzeciw wobec przetwarzania Twoich danych osobowych w celu przekazywania drog\u0105 elektroniczn\u0105 ofert marketingowych oraz informacji handlowych dotycz\u0105cych dzia\u0142alno\u015bci naszego Serwisu. Je\u015bli skorzystasz z tego prawa zaprzestaniemy przetwarzania Twoich danych w tym celu.<br \/>\ng. prawo do przenoszenia Twoich danych osobowych, tj. prawo otrzymania od nas Twoich danych osobowych, w ustrukturyzowanym, powszechnie u\u017cywanym formacie informatycznym nadaj\u0105cym si\u0119 do odczytu maszynowego. Mo\u017cesz przes\u0142a\u0107 te dane innemu administratorowi danych lub za\u017c\u0105da\u0107, aby\u015bmy przes\u0142ali Twoje dane do innego administratora. Jednak\u017ce zrobimy to tylko je\u015bli takie przes\u0142anie jest technicznie mo\u017cliwe. Prawo do przenoszenia danych osobowych przys\u0142uguje Ci tylko co do tych danych, kt\u00f3re przetwarzamy na podstawie umowy z Tob\u0105 lub na podstawie Twojej zgody.<br \/>\nh. Prawo wniesienia skargi do organu. Przys\u0142uguje Ci tak\u017ce prawo wniesienia skargi do organu nadzorczego zajmuj\u0105cego si\u0119 ochron\u0105 danych osobowych, tj. Prezesa Urz\u0119du Ochrony Danych Osobowych lub innego w\u0142a\u015bciwego organu nadzorczego.<\/p>\n<p><strong>Informacja o wymogu\/dobrowolno\u015bci podania danych<\/strong><br \/>\nPodanie przez Ciebie danych jest dobrowolne, ale stanowi ono warunek zawarcia umowy na \u015bwiadczenie us\u0142ug, bowiem jest ono niezb\u0119dne do zamieszczenia og\u0142oszenia w Serwisie i prowadzenia konta u\u017cytkownika Serwisu.<br \/>\nJe\u017celi nie podasz nam swoich danych mo\u017cemy odm\u00f3wi\u0107 zawarcia umowy i zamieszczenia og\u0142oszenia w Serwisie.<br \/>\nPodanie przez Ciebie danych i wyra\u017cenie zgody na przetwarzanie danych osobowych w celach marketingowych jest dobrowolne.<\/p>\n<p><strong>Informacje o zautomatyzowanym podejmowaniu decyzji<\/strong><br \/>\nNie stosujemy narz\u0119dzi zautomatyzowanego podejmowania decyzji.<br \/>\nSerwis w spos\u00f3b automatyczny pobiera informacja wy\u0142\u0105cznie zawarte w plikach cookies. Spos\u00f3b ich wykorzystania przez nasz Serwis opisany jest w pkt 6 \u2013 10 Polityki prywatno\u015bci.<\/p>\n<p>5. Prawo wgl\u0105du do przetwarzanych przez nas danych osobowych oraz ich poprawiania, mo\u017cesz dokonywa\u0107 za po\u015brednictwem Panelu u\u017cytkownika lub kontaktuj\u0105c si\u0119 z nami na dane wskazane w pkt 4.1. Polityki prywatno\u015bci.<br \/>\n6.Serwis zbiera w spos\u00f3b automatyczny informacje zawarte w plikach cookies kt\u00f3re s\u0105 niewielkimi danymi informatycznymi (zw\u0142aszcza tekstowymi) przechowywanymi zapisywanymi w pami\u0119ci Twojego urz\u0105dzenia ko\u0144cowego (komputer, tablet, smartfon, itp). Pliki te zawieraj\u0105 nazw\u0119 danej witryny oraz czas przechowywania ich na Twoim urz\u0105dzeniu ko\u0144cowym a tak\u017ce unikalny numer.<br \/>\n7. Pliki cookies wykorzystywane s\u0105 przez nas w celu:<br \/>\na)dostosowania zawarto\u015bci stron Serwisu do Twoich preferencji; umo\u017cliwia to rozpoznanie Twojego urz\u0105dzenia i w\u0142a\u015bciwe dopasowanie jej do Twoich potrzeb,<br \/>\nb) zapami\u0119tywania informacji o Twojej sesji i jej utrzymywania;<br \/>\nc) tworzenia statystyk, kt\u00f3re pomagaj\u0105 zrozumie\u0107, w jaki spos\u00f3b u\u017cytkownicy Serwisu korzystaj\u0105 z Serwisu, co umo\u017cliwia nam jego rozw\u00f3j i \u015bwiadczone za jego po\u015brednictwem us\u0142ugi,<br \/>\nd) dostarczania u\u017cytkownikom tre\u015bci reklamowych bardziej dostosowanych do ich zainteresowa\u0144,<br \/>\n8. Serwis stosuje pliki cookies sta\u0142e, kt\u00f3re s\u0105 przechowywane na Twoim urz\u0105dzeniu ko\u0144cowym przez czas \u015bci\u015ble okre\u015blony w ich parametrach (a\u017c do momentu ich usuni\u0119cia z urz\u0105dzenia ko\u0144cowego) oraz sesyjne \u2013 tymczasowe, przechowywane na urz\u0105dzeniu ko\u0144cowym jedynie do czasu wylogowania si\u0119, opuszczenia stron Serwisu lub zako\u0144czenia pracy z przegl\u0105dark\u0105. W ramach Serwisu mo\u017cemy stosowa\u0107 pliki cookies kt\u00f3re:<br \/>\na) umo\u017cliwiaj\u0105 korzystanie z us\u0142ug dost\u0119pnych w ramach Serwisu,<br \/>\nb) s\u0142u\u017c\u0105 do zapewnienia bezpiecze\u0144stwa,<br \/>\nc) umo\u017cliwiaj\u0105 zbieranie informacji o sposobie korzystania z Serwisu,<br \/>\nd) umo\u017cliwiaj\u0105 zapami\u0119tanie wybranych przez u\u017cytkownika ustawie\u0144 Serwisu ,<br \/>\ne) umo\u017cliwiaj\u0105 dostarczanie u\u017cytkownikom tre\u015bci reklamowych bardziej dostosowanych do ich zainteresowa\u0144.<br \/>\n9. Zazwyczaj oprogramowanie s\u0142u\u017c\u0105ce do przegl\u0105dania stron internetowych (przegl\u0105darka internetowa) domy\u015blnie dopuszcza przechowywanie plik\u00f3w cookies w Twoim urz\u0105dzeniu ko\u0144cowym. Korzystaj\u0105c z ustawie\u0144 przegl\u0105darki internetowej mo\u017cesz w ka\u017cdej chwili dokona\u0107 zmiany ustawie\u0144 w tym zakresie (np. usun\u0105\u0107 pliki cookies lub blokowa\u0107 ich wykorzystanie w przysz\u0142o\u015bci).<br \/>\n10. Zmiany ustawie\u0144 przegl\u0105darki internetowej mog\u0105 spowodowa\u0107 utrudnienia korzystania z niekt\u00f3rych funkcji dost\u0119pnych za po\u015brednictwem Serwisu.<\/p>\n","protected":false},"excerpt":{"rendered":"<p>POLITYKA PRYWATNO\u015aCI serwisu komisslubny.pl dost\u0119pnego pod adresem www.komisslubny.pl 1. Niniejszy dokument (dalej zwany Polityk\u0105 Prywatno\u015bci) okre\u015bla zasady przechowywania, gromadzenia, przetwarzania i ochrony danych osobowych u\u017cytkownik\u00f3w serwisu komisslubny.pl dost\u0119pnego pod adresem www.komisslubny.pl (dalej zwanego Serwisem). 2. Dane osobowe u\u017cytkownik\u00f3w Serwisu chronione s\u0105 w zakresie i w spos\u00f3b okre\u015blony w rozporz\u0105dzeniu Parlamentu Europejskiego i Rady (UE) 2016\/679 [&hellip;]<\/p>\n","protected":false},"author":1,"featured_media":0,"parent":0,"menu_order":0,"comment_status":"closed","ping_status":"closed","template":"","meta":{"_monsterinsights_skip_tracking":false,"_monsterinsights_sitenote_active":false,"_monsterinsights_sitenote_note":"","_monsterinsights_sitenote_category":0,"footnotes":""},"class_list":["post-9946","page","type-page","status-publish","hentry"],"yoast_head":"<!-- This site is optimized with the Yoast SEO plugin v27.4 - https:\/\/yoast.com\/product\/yoast-seo-wordpress\/ -->\n<title>Polityka prywatno\u015bci - Blog \u015blubny<\/title>\n<meta name=\"robots\" content=\"index, follow, max-snippet:-1, max-image-preview:large, max-video-preview:-1\" \/>\n<link rel=\"canonical\" href=\"https:\/\/komisslubny.pl\/blog\/polityka-prywatnosci\/\" \/>\n<meta property=\"og:locale\" content=\"pl_PL\" \/>\n<meta property=\"og:type\" content=\"article\" \/>\n<meta property=\"og:title\" content=\"Polityka prywatno\u015bci - Blog \u015blubny\" \/>\n<meta property=\"og:description\" content=\"POLITYKA PRYWATNO\u015aCI serwisu komisslubny.pl dost\u0119pnego pod adresem www.komisslubny.pl 1. Niniejszy dokument (dalej zwany Polityk\u0105 Prywatno\u015bci) okre\u015bla zasady przechowywania, gromadzenia, przetwarzania i ochrony danych osobowych u\u017cytkownik\u00f3w serwisu komisslubny.pl dost\u0119pnego pod adresem www.komisslubny.pl (dalej zwanego Serwisem). 2. Dane osobowe u\u017cytkownik\u00f3w Serwisu chronione s\u0105 w zakresie i w spos\u00f3b okre\u015blony w rozporz\u0105dzeniu Parlamentu Europejskiego i Rady (UE) 2016\/679 [&hellip;]\" \/>\n<meta property=\"og:url\" content=\"https:\/\/komisslubny.pl\/blog\/polityka-prywatnosci\/\" \/>\n<meta property=\"og:site_name\" content=\"Blog \u015blubny\" \/>\n<meta property=\"article:publisher\" content=\"https:\/\/www.facebook.com\/KomisSlubnypl\" \/>\n<meta property=\"article:modified_time\" content=\"2023-11-01T19:23:37+00:00\" \/>\n<meta property=\"og:image\" content=\"https:\/\/www.letswedding.pl\/wp-content\/uploads\/2021\/11\/info.png\" \/>\n<meta name=\"twitter:card\" content=\"summary_large_image\" \/>\n<meta name=\"twitter:site\" content=\"@KomisSlubny\" \/>\n<meta name=\"twitter:label1\" content=\"Szacowany czas czytania\" \/>\n\t<meta name=\"twitter:data1\" content=\"9 minut\" \/>\n<script type=\"application\/ld+json\" class=\"yoast-schema-graph\">{\"@context\":\"https:\\\/\\\/schema.org\",\"@graph\":[{\"@type\":\"WebPage\",\"@id\":\"https:\\\/\\\/komisslubny.pl\\\/blog\\\/polityka-prywatnosci\\\/\",\"url\":\"https:\\\/\\\/komisslubny.pl\\\/blog\\\/polityka-prywatnosci\\\/\",\"name\":\"Polityka prywatno\u015bci - Blog \u015blubny\",\"isPartOf\":{\"@id\":\"https:\\\/\\\/komisslubny.pl\\\/blog\\\/#website\"},\"primaryImageOfPage\":{\"@id\":\"https:\\\/\\\/komisslubny.pl\\\/blog\\\/polityka-prywatnosci\\\/#primaryimage\"},\"image\":{\"@id\":\"https:\\\/\\\/komisslubny.pl\\\/blog\\\/polityka-prywatnosci\\\/#primaryimage\"},\"thumbnailUrl\":\"https:\\\/\\\/www.letswedding.pl\\\/wp-content\\\/uploads\\\/2021\\\/11\\\/info.png\",\"datePublished\":\"2018-06-04T16:47:22+00:00\",\"dateModified\":\"2023-11-01T19:23:37+00:00\",\"inLanguage\":\"pl-PL\",\"potentialAction\":[{\"@type\":\"ReadAction\",\"target\":[\"https:\\\/\\\/komisslubny.pl\\\/blog\\\/polityka-prywatnosci\\\/\"]}]},{\"@type\":\"ImageObject\",\"inLanguage\":\"pl-PL\",\"@id\":\"https:\\\/\\\/komisslubny.pl\\\/blog\\\/polityka-prywatnosci\\\/#primaryimage\",\"url\":\"https:\\\/\\\/www.letswedding.pl\\\/wp-content\\\/uploads\\\/2021\\\/11\\\/info.png\",\"contentUrl\":\"https:\\\/\\\/www.letswedding.pl\\\/wp-content\\\/uploads\\\/2021\\\/11\\\/info.png\"},{\"@type\":\"WebSite\",\"@id\":\"https:\\\/\\\/komisslubny.pl\\\/blog\\\/#website\",\"url\":\"https:\\\/\\\/komisslubny.pl\\\/blog\\\/\",\"name\":\"Blog \u015blubny\",\"description\":\"Tw\u00f3j \u015alubny Skarb, Teraz w Zasi\u0119gu R\u0119ki!\",\"publisher\":{\"@id\":\"https:\\\/\\\/komisslubny.pl\\\/blog\\\/#organization\"},\"potentialAction\":[{\"@type\":\"SearchAction\",\"target\":{\"@type\":\"EntryPoint\",\"urlTemplate\":\"https:\\\/\\\/komisslubny.pl\\\/blog\\\/?s={search_term_string}\"},\"query-input\":{\"@type\":\"PropertyValueSpecification\",\"valueRequired\":true,\"valueName\":\"search_term_string\"}}],\"inLanguage\":\"pl-PL\"},{\"@type\":\"Organization\",\"@id\":\"https:\\\/\\\/komisslubny.pl\\\/blog\\\/#organization\",\"name\":\"Blog \u015blubny\",\"alternateName\":\"Tw\u00f3j \u015alubny Skarb, Teraz w Zasi\u0119gu R\u0119ki!\",\"url\":\"https:\\\/\\\/komisslubny.pl\\\/blog\\\/\",\"logo\":{\"@type\":\"ImageObject\",\"inLanguage\":\"pl-PL\",\"@id\":\"https:\\\/\\\/komisslubny.pl\\\/blog\\\/#\\\/schema\\\/logo\\\/image\\\/\",\"url\":\"https:\\\/\\\/www.komisslubny.pl\\\/blog\\\/wp-content\\\/uploads\\\/2023\\\/01\\\/logo-ciemniejsze-e1702843805901.png\",\"contentUrl\":\"https:\\\/\\\/www.komisslubny.pl\\\/blog\\\/wp-content\\\/uploads\\\/2023\\\/01\\\/logo-ciemniejsze-e1702843805901.png\",\"width\":200,\"height\":163,\"caption\":\"Blog \u015blubny\"},\"image\":{\"@id\":\"https:\\\/\\\/komisslubny.pl\\\/blog\\\/#\\\/schema\\\/logo\\\/image\\\/\"},\"sameAs\":[\"https:\\\/\\\/www.facebook.com\\\/KomisSlubnypl\",\"https:\\\/\\\/x.com\\\/KomisSlubny\",\"https:\\\/\\\/www.instagram.com\\\/komisslubny.pl\",\"http:\\\/\\\/www.pinterest.com\\\/komisslubny\"]}]}<\/script>\n<!-- \/ Yoast SEO plugin. -->","yoast_head_json":{"title":"Polityka prywatno\u015bci - Blog \u015blubny","robots":{"index":"index","follow":"follow","max-snippet":"max-snippet:-1","max-image-preview":"max-image-preview:large","max-video-preview":"max-video-preview:-1"},"canonical":"https:\/\/komisslubny.pl\/blog\/polityka-prywatnosci\/","og_locale":"pl_PL","og_type":"article","og_title":"Polityka prywatno\u015bci - Blog \u015blubny","og_description":"POLITYKA PRYWATNO\u015aCI serwisu komisslubny.pl dost\u0119pnego pod adresem www.komisslubny.pl 1. Niniejszy dokument (dalej zwany Polityk\u0105 Prywatno\u015bci) okre\u015bla zasady przechowywania, gromadzenia, przetwarzania i ochrony danych osobowych u\u017cytkownik\u00f3w serwisu komisslubny.pl dost\u0119pnego pod adresem www.komisslubny.pl (dalej zwanego Serwisem). 2. Dane osobowe u\u017cytkownik\u00f3w Serwisu chronione s\u0105 w zakresie i w spos\u00f3b okre\u015blony w rozporz\u0105dzeniu Parlamentu Europejskiego i Rady (UE) 2016\/679 [&hellip;]","og_url":"https:\/\/komisslubny.pl\/blog\/polityka-prywatnosci\/","og_site_name":"Blog \u015blubny","article_publisher":"https:\/\/www.facebook.com\/KomisSlubnypl","article_modified_time":"2023-11-01T19:23:37+00:00","og_image":[{"url":"https:\/\/www.letswedding.pl\/wp-content\/uploads\/2021\/11\/info.png","type":"","width":"","height":""}],"twitter_card":"summary_large_image","twitter_site":"@KomisSlubny","twitter_misc":{"Szacowany czas czytania":"9 minut"},"schema":{"@context":"https:\/\/schema.org","@graph":[{"@type":"WebPage","@id":"https:\/\/komisslubny.pl\/blog\/polityka-prywatnosci\/","url":"https:\/\/komisslubny.pl\/blog\/polityka-prywatnosci\/","name":"Polityka prywatno\u015bci - Blog \u015blubny","isPartOf":{"@id":"https:\/\/komisslubny.pl\/blog\/#website"},"primaryImageOfPage":{"@id":"https:\/\/komisslubny.pl\/blog\/polityka-prywatnosci\/#primaryimage"},"image":{"@id":"https:\/\/komisslubny.pl\/blog\/polityka-prywatnosci\/#primaryimage"},"thumbnailUrl":"https:\/\/www.letswedding.pl\/wp-content\/uploads\/2021\/11\/info.png","datePublished":"2018-06-04T16:47:22+00:00","dateModified":"2023-11-01T19:23:37+00:00","inLanguage":"pl-PL","potentialAction":[{"@type":"ReadAction","target":["https:\/\/komisslubny.pl\/blog\/polityka-prywatnosci\/"]}]},{"@type":"ImageObject","inLanguage":"pl-PL","@id":"https:\/\/komisslubny.pl\/blog\/polityka-prywatnosci\/#primaryimage","url":"https:\/\/www.letswedding.pl\/wp-content\/uploads\/2021\/11\/info.png","contentUrl":"https:\/\/www.letswedding.pl\/wp-content\/uploads\/2021\/11\/info.png"},{"@type":"WebSite","@id":"https:\/\/komisslubny.pl\/blog\/#website","url":"https:\/\/komisslubny.pl\/blog\/","name":"Blog \u015blubny","description":"Tw\u00f3j \u015alubny Skarb, Teraz w Zasi\u0119gu R\u0119ki!","publisher":{"@id":"https:\/\/komisslubny.pl\/blog\/#organization"},"potentialAction":[{"@type":"SearchAction","target":{"@type":"EntryPoint","urlTemplate":"https:\/\/komisslubny.pl\/blog\/?s={search_term_string}"},"query-input":{"@type":"PropertyValueSpecification","valueRequired":true,"valueName":"search_term_string"}}],"inLanguage":"pl-PL"},{"@type":"Organization","@id":"https:\/\/komisslubny.pl\/blog\/#organization","name":"Blog \u015blubny","alternateName":"Tw\u00f3j \u015alubny Skarb, Teraz w Zasi\u0119gu R\u0119ki!","url":"https:\/\/komisslubny.pl\/blog\/","logo":{"@type":"ImageObject","inLanguage":"pl-PL","@id":"https:\/\/komisslubny.pl\/blog\/#\/schema\/logo\/image\/","url":"https:\/\/www.komisslubny.pl\/blog\/wp-content\/uploads\/2023\/01\/logo-ciemniejsze-e1702843805901.png","contentUrl":"https:\/\/www.komisslubny.pl\/blog\/wp-content\/uploads\/2023\/01\/logo-ciemniejsze-e1702843805901.png","width":200,"height":163,"caption":"Blog \u015blubny"},"image":{"@id":"https:\/\/komisslubny.pl\/blog\/#\/schema\/logo\/image\/"},"sameAs":["https:\/\/www.facebook.com\/KomisSlubnypl","https:\/\/x.com\/KomisSlubny","https:\/\/www.instagram.com\/komisslubny.pl","http:\/\/www.pinterest.com\/komisslubny"]}]}},"_links":{"self":[{"href":"https:\/\/komisslubny.pl\/blog\/wp-json\/wp\/v2\/pages\/9946","targetHints":{"allow":["GET"]}}],"collection":[{"href":"https:\/\/komisslubny.pl\/blog\/wp-json\/wp\/v2\/pages"}],"about":[{"href":"https:\/\/komisslubny.pl\/blog\/wp-json\/wp\/v2\/types\/page"}],"author":[{"embeddable":true,"href":"https:\/\/komisslubny.pl\/blog\/wp-json\/wp\/v2\/users\/1"}],"replies":[{"embeddable":true,"href":"https:\/\/komisslubny.pl\/blog\/wp-json\/wp\/v2\/comments?post=9946"}],"version-history":[{"count":2,"href":"https:\/\/komisslubny.pl\/blog\/wp-json\/wp\/v2\/pages\/9946\/revisions"}],"predecessor-version":[{"id":11071,"href":"https:\/\/komisslubny.pl\/blog\/wp-json\/wp\/v2\/pages\/9946\/revisions\/11071"}],"wp:attachment":[{"href":"https:\/\/komisslubny.pl\/blog\/wp-json\/wp\/v2\/media?parent=9946"}],"curies":[{"name":"wp","href":"https:\/\/api.w.org\/{rel}","templated":true}]}}